?
7
Calculate the highest common divisor of 644 and 38139934.
322
Calculate the greatest common factor of 77560136 and 88.
8
What is the greatest common factor of 8632 and 832520?
104
Calculate the highest common divisor of 3774449571 and 43.
43
What is the highest common factor of 1065417 and 1083?
3
Calculate the highest common factor of 838685583 and 3195.
639
Calculate the greatest common factor of 15168 and 2708436.
948
Calculate the highest common factor of 20145 and 52581.
51
What is the highest common factor of 439355448 and 41272?
3752
What is the highest common divisor of 1743940 and 240?
20
What is the greatest common divisor of 1958 and 468748137?
979
What is the highest common factor of 10761 and 147271?
17
Calculate the greatest common factor of 9751 and 347653.
199
What is the highest common factor of 853 and 1219569073?
853
What is the greatest common factor of 9416 and 635944870?
2354
Calculate the highest common divisor of 962 and 24467027.
481
What is the greatest common divisor of 3110 and 537432880?
3110
Calculate the greatest common divisor of 336066 and 1003944.
4254
What is the greatest common divisor of 30772903 and 67949?
3997
What is the highest common divisor of 3538 and 9154636?
122
Calculate the greatest common factor of 33459 and 555750.
57
What is the highest common divisor of 2925797 and 1645?
329
What is the highest common factor of 412 and 3156781904?
412
What is the highest common factor of 236 and 6574?
2
Calculate the highest common divisor of 3159606 and 102.
6
Calculate the greatest common divisor of 8899 and 3109796.
809
What is the highest common divisor of 53348152 and 130?
26
What is the highest common factor of 365850 and 1570950?
450
Calculate the greatest common factor of 800072 and 40376.
392
What is the highest common divisor of 229761 and 400128?
1563
Calculate the greatest common factor of 25300 and 31932050.
1150
What is the highest common divisor of 3681 and 198191993?
409
Calculate the highest common factor of 170445 and 1365.
15
Calculate the highest common factor of 611922089 and 51.
17
Calculate the greatest common factor of 56 and 40925176.
8
Calculate the greatest common factor of 62772 and 2994.
6
What is the greatest common divisor of 2925812 and 37259?
1961
Calculate the highest common divisor of 3744 and 576789408.
3744
What is the greatest common factor of 58675 and 941950?
25
What is the highest common factor of 104593707 and 51?
51
Calculate the highest common factor of 16847330 and 90.
10
What is the greatest common divisor of 2527 and 799186493?
2527
Calculate the greatest common factor of 76558 and 9318.
2
Calculate the highest common factor of 1576 and 21.
1
What is the highest common factor of 680120 and 34055?
245
Calculate the highest common divisor of 27388743 and 15.
3
What is the highest common factor of 26560 and 213476?
332
Calculate the greatest common factor of 6 and 19102614.
6
What is the highest common factor of 5134164 and 294?
42
What is the highest common divisor of 1150635 and 17775?
1185
Calculate the highest common divisor of 31967298 and 216.
54
What is the greatest common factor of 276022 and 11977?
29
Calculate the greatest common divisor of 279 and 549760820.
31
What is the highest common factor of 10501851 and 24909?
1083
What is the highest common factor of 40149 and 90918154?
1487
What is the highest common divisor of 73697 and 61996184?
5669
Calculate the greatest common factor of 13313209 and 182.
91
Calculate the highest common divisor of 90244 and 2716.
28
Calculate the highest common factor of 9869078 and 137122.
3706
Calculate the highest common divisor of 88028729 and 57.
19
Calculate the highest common divisor of 2720256 and 168.
168
What is the greatest common factor of 2679 and 33020461?
893
Calculate the greatest common divisor of 9088164 and 96.
12
Calculate the highest common factor of 863650 and 9550.
50
Calculate the highest common divisor of 198572 and 115632086.
9026
Calculate the greatest common divisor of 20273 and 297.
11
What is the highest common divisor of 76 and 54617267?
19
What is the greatest common divisor of 30357404 and 220?
44
What is the greatest common divisor of 26226 and 4577894?
2914
What is the greatest common factor of 2067625140 and 105?
105
Calculate the greatest common factor of 106 and 97842399.
53
Calculate the greatest common divisor of 7688 and 536808.
8
What is the highest common divisor of 7493 and 553466?
127
Calculate the highest common divisor of 968 and 521191.
11
Calculate the highest common divisor of 32764 and 1360.
4
Calculate the highest common factor of 25205011 and 325.
13
What is the highest common factor of 282 and 16643217?
141
Calculate the highest common divisor of 116600 and 6177468.
2332
Calculate the greatest common factor of 1772 and 16089317.
443
What is the highest common factor of 22272 and 401728?
64
Calculate the greatest common divisor of 1635197717 and 7151.
7151
What is the highest common factor of 3822 and 177633820?
1274
What is the highest common divisor of 4551481 and 1837?
11
Calculate the greatest common divisor of 4389 and 2357817.
231
Calculate the greatest common divisor of 4736 and 195323.
37
What is the greatest common factor of 46 and 4799391508?
46
What is the greatest common factor of 10979637 and 17?
17
What is the greatest common factor of 636057 and 389673?
261
What is the greatest common divisor of 145 and 5660945?
145
What is the greatest common factor of 648 and 114248?
8
Calculate the highest common factor of 705422670 and 930.
930
What is the highest common factor of 4538183 and 24583?
403
What is the greatest common divisor of 385798448 and 2120?
424
What is the highest common factor of 1215764 and 704?
44
What is the greatest common factor of 810 and 26381295?
405
Calculate the highest common divisor of 48 and 5350392.
24
What is the greatest common factor of 33716 and 3100?
4
Calculate the highest common factor of 10227 and 3807366.
1461
What is the highest common divisor of 11275132 and 66?
22
What is the greatest common factor of 14982 and 2382336?
66
What is the highest common factor of 266266 and 7182?
266
Calculate the highest common factor of 8753341 and 1810.
181
What is the highest common factor of 1105 and 336945440?
1105
Calculate the greatest common factor of 168917509 and 151.
151
What is the greatest common divisor of 27625044 and 12?
12
Calculate the highest common divisor of 109068 and 23063412.
1788
What is the highest common factor of 219192 and 5136?
24
What is the highest common factor of 188217640 and 520?
520
Calculate the highest common divisor of 5369 and 25950029.
413
What is the greatest common divisor of 1753443800 and 300?
100
What is the highest common factor of 3243770 and 161500?
170
Calculate the greatest common factor of 22153000 and 5900.
100
What is the greatest common divisor of 14487264 and 2592?
288
Calculate the greatest common factor of 3480744 and 48.
24
Calculate the highest common factor of 1652079 and 11973.
39
Calculate the highest common factor of 459754 and 19328562.
6298
What is the greatest common divisor of 260470 and 1765645?
2135
Calculate the greatest common factor of 133705 and 8470.
605
Calculate the highest common factor of 123280 and 2710320.
1840
What is the highest common factor of 351270 and 486574?
2602
Calculate the highest common factor of 26285325 and 906.
453
Calculate the greatest common divisor of 58308552 and 27.
27
What is the greatest common factor of 4090207 and 11?
11
Calculate the greatest common divisor of 5371 and 184418.
41
Calculate the highest common factor of 145484 and 35816.
148
What is the greatest common divisor of 1467667 and 5359?
233
What is the greatest common divisor of 3285075 and 19275?
75
Calculate the greatest common factor of 403 and 4997681.
13
Calculate the highest common factor of 154005 and 645.
15
Calculate the highest common divisor of 700 and 764624.
28
What is the greatest common factor of 4045311 and 18189?
387
What is the greatest common divisor of 2026752 and 4459?
91
Calculate the greatest common divisor of 4738 and 1649586818.
4738
What is the highest common factor of 176 and 33032176?
16
What is the highest common divisor of 25589022 and 18?
